 - 14*o**2 + 10*o - 29. Give r(d).
-68
Let w(r) = -9*r**2 + 24*r + 4. Let d(m) = -48*m**2 + 122*m + 21. Let b(k) = -2*d(k) + 11*w(k). Give b(8).
-30
Let d(f) = 76*f**3 + f**2 - 9*f - 9. Let r be d(-1). Let j = r - -69. Let o(a) = -a**2 - 7*a - 1. What is o(j)?
5
Let k(b) = b**3 - b**2 + b + 6. Let g be k(0). Let a(x) = -x**3 - 11*x**2 + 12969*x - 12982*x + 37 + 19*x**2 - 38. What is a(g)?
-7
Let r(o) = 384*o**2 - 11*o - 899 - 383*o**2 + 908. Let l be 1/((-46)/(-22) - 2). Determine r(l).
9
Let d(x) = 347 + 2*x + 342 - 694 + x - 36*x. Determine d(0).
-5
Let q(s) be the first derivative of s**3/3 - 6*s**2 - 9*s + 681. Determine q(12).
-9
Suppose 39*p + 124 = -32. Let n(t) = t**2 + 4*t + 2. Give n(p).
2
Suppose -2*d - y + 4 = 2, 5*d - 3 = -3*y. Let o(c) = c**2 + 1. Let n(m) = m**3 - 2*m**2 - 2*m + 1. Let z(b) = -n(b) + o(b). Calculate z(d).
6
Let v(t) = 230*t**2 + 26 - 3*t - 4*t**3 - 144*t**2 - 83*t**2 + 3*t**3. Determine v(4).
-2
Let m(b) be the third derivative of -7/8*b**4 + 1/6*b**3 + 1 + 6*b**2 + 0*b. Determine m(-1).
22
Let x(n) be the first derivative of n**4/4 - 20*n**3/3 + 33*n**2/2 + 45*n + 4630. Give x(18).
-9
Let c(m) = 88*m - 12. Let v(j) = -j**2 + 37*j + 1. Let i(w) = -c(w) + 2*v(w). What is i(-7)?
14
Let k(z) = z**3 + 21*z**2 - 47*z - 29. Let f be k(-23). Let m be ((-56)/f)/((-7)/84*8). Let a(o) = -o**3 - 15*o**2 - 15*o - 13. Calculate a(m).
1
Suppose 3*s - 67*k - 14 = -69*k, -2*k = -8. Let l(t) = 5*t + 1. Let w(i) = -i - 1. Let z(x) = -l(x) - 2*w(x). Calculate z(s).
-5
Let p(q) = -2*q**3 + 6*q**2 + 18*q - 1. Suppose 0 = -56*f - 76*f + 286 + 374. Give p(f).
-11
Let i = -713 - -720. Let x(j) = -3*j**2 + 23*j - 2. Give x(i).
12
Let h(g) be the second derivative of g**4/4 - 2*g**3 + 19*g**2/2 + 27*g. Let o(m) = -2*m**2 + 6*m - 10. Let f(r) = 3*h(r) + 5*o(r). What is f(-5)?
12
Let w(c) be the first derivative of c**4/2 - 23*c**3/3 + 9*c**2/2 + 14*c + 10760. Calculate w(11).
-8
Let x(r) be the third derivative of 0*r - 1/6*r**4 - 29*r**2 + 1/60*r**5 - 1 + 1/6*r**3. Determine x(5).
6
Suppose 12266 = -17*b + 4225. Let s = b + 482. Let h(x) = -21 + 5*x + 5 - 4*x. What is h(s)?
-7
Let c = 8 + -10. Let y be (-1)/((1 - c) + -2). Let w(b) = 15*b - 1 + 14*b + 18*b - 48*b. Calculate w(y).
0
Let i = -248 + 253. Suppose 3*r - 6*b - 13 = -i*b, 3*b - 9 = r. Let k(o) = -5*o - 7. Calculate k(r).
-37
Let s(b) = 13*b**3 - 12*b**2 + 4*b + 5. Let y(d) = 5*d**3 - 6*d**2 + 3*d + 2. Let w(m) = 2*s(m) - 5*y(m). Suppose 0 = u + 5*u + 42. Determine w(u).
0
Suppose -2*o + 30 = -2*k - 0*k, -3*o = -2*k - 47. Let h = 233 + -217. Let w = h - o. Let j(x) = -5*x**2 + 2*x + 1. What is j(w)?
-6
Suppose -l - 7*q = -9*q - 20, -59 = -3*l + 5*q. Let t(n) = n - 28. Determine t(l).
-10
Let w(f) be the second derivative of -f**4/12 + 2*f**3/3 + 5*f**2/2 + 3*f. Suppose 1156 = -179*b - 123*b + 2666. What is w(b)?
0
Let v = -10240 - -10225. Let y(g) = 9*g + 135. What is y(v)?
0
Suppose 3055 = -599*m + 834*m. Let p(y) = 3*y**3 - 38*y**2 - 11*y - 25. What is p(m)?
1
Suppose 1359*b - 1338*b + 21 = 0. Let j(r) = -5*r - 14. Give j(b).
-9
Let z(b) = 18*b + 11. Let q be (-284)/(-426)*1/1*-3. What is z(q)?
-25
Let g(w) = -2*w**3 + 5*w**2 - 6*w + 22. Suppose -25*m + 24*m + 4 = 0. Let l be g(m). Let x = -47 - l. Let s(k) = -k**3 + 2*k**2 + 3*k - 3. What is s(x)?
-3
Let b(y) = -y**2 + 3*y - 3. Suppose -194*f - 34 = -196*f - 3*r, 56 = 4*f + 3*r. Calculate b(f).
-91
Suppose 39 = -0*y + 3*y. Suppose y*i - 18*i - 20 = 0. Let v(k) = -k**2 + 42*k - 21*k - 24*k - 2. What is v(i)?
-6
Let m(y) = -33*y - 114. Let g be m(-26). Let q(k) = 8*k + 749 - 1497 + g + k**2. What is q(-4)?
-20
Suppose 0 = s + s. Let j(u) = 2*u + 23 + 18*u**2 - 17*u**2 - u - 9*u + 9*u. Determine j(s).
23
Let i(c) = c - 4. Suppose 1 = -2*x - 5*o, -o = -2*x + 12 - 7. Let f be -1 - (x/5 + (-63)/45). What is i(f)?
-4
Suppose 0 = -7*m - 10*m + 3196. Let c = m - 189. Let l(u) = 6*u**3 + 2*u**2 - 1. Give l(c).
-5
Suppose -3*m + 2 - 5 = 0, 2*m - 46 = -4*r. Let n(y) = -2*y + 19. Let o be n(r). Let s(k) be the third derivative of -k**4/24 - 3*k**2. Give s(o).
5
Suppose 2*c + 4*i = -8, -c - i + 0*i = 1. Let z(f) = 2 + f - 7*f**c + 5*f**2 + f**2. Let b = -234 - -239. Determine z(b).
-18
Let i(l) = 3*l + 78. Suppose -2*f - 149 = -3*g - 204, -f + 50 = -3*g. Calculate i(g).
33
Let x(d) be the second derivative of d - 9 - 1/6*d**3 + 1/2*d**2. Let p(y) = 5*y - 22. Let t(i) = p(i) + 6*x(i). Give t(0).
-16
Let s = -60 + 28. Let a = -1 - s. Let l = -23 + a. Let b(f) = -f**2 + 7*f + 3. Determine b(l).
-5
Let a = -93 + 97. Let k(f) be the first derivative of -f**3/3 + 2*f**2 + 2*f - 312. What is k(a)?
2
Suppose 98*f + 720 = -34*f - 12*f. Let w(i) be the second derivative of i**4/12 + 3*i**2/2 - i. Give w(f).
28
Let k(d) = 8*d - 35. Let c(t) = 2*t - 19. Let n(p) = 11*c(p) - 6*k(p). Give n(1).
-25
Let b be (-5)/((-120)/6784) - 2/3. Let z = 279 - b. Let c(r) = -5*r**2 + r - 5*r**2 - r**3 + 9*r**2 + 3. Give c(z).
18
Let h(n) be the third derivative of -n**6/120 - n**5/12 + n**4/24 + 8*n**3/3 - 5*n**2 + n + 47. Give h(0).
16
Let r(y) be the third derivative of -y**4/24 + 35*y**3/6 - 2043*y**2. Give r(15).
20
Let p(n) = n**3 + 5*n**2 + 3*n. Suppose 3*y - 373 = -79. Let r = -631 + 531. Let l = y + r. Calculate p(l).
6
Suppose -476*a = -412*a + 1216. Let j(q) = -q**2 - 19*q + 2. What is j(a)?
2
Let n(i) = -8 + 97*i**2 - 27*i**2 - 21*i**2 - 22*i**2 + 9*i - 28*i**2. Let f = 26 + -26. Suppose f*k = -5*k + 40. What is n(k)?
0
Let p(a) = -a**2 - a. Let v(q) be the third derivative of 1/12*q**4 + 0 + 23/6*q**3 + q**2 + 0*q. Let h be v(-11). Give p(h).
-2
Let l = 259 + -271. Let h be (-5)/(-2)*2*l/(-10). Let c(d) = 4*d - 12. Give c(h).
12
Let a(y) be the first derivative of -y**4/4 - 6*y**3 + y**2/2 + 38*y + 1167. Calculate a(-18).
20
Let v(j) = -j**2 + 5*j + 1. Let m(r) = r**2 - 6*r - 2. Let q(p) = 3*m(p) + 2*v(p). Suppose 0 = -309*a + 303*a - 126. Let z be (-2)/6*11/(11/a). Determine q(z).
-11
Let x(a) = 5*a - 2. Let o = -447 + 452. Suppose 0 = -2*g + 14*c - 17*c - 12, o*c + 1 = 3*g. Give x(g).
-17
Suppose 0 = 15*a - 16*a + 3. Let i(x) be the third derivative of 0*x + 9*x**2 + 0 + 1/3*x**3 - 1/8*x**4. Give i(a).
-7
Let v be (2/(-3))/(-2 + 364/183). Let p = 41 - v. Let o = -15 - p. Let i(w) = w**2 - 5*w. Calculate i(o).
0
Let o(c) be the first derivative of c**3/3 - 4*c**2 - 32*c - 1147. What is o(11)?
1
Let a(q) = -146*q + 149. Let o be a(1). Let v(r) be the second derivative of 1/2*r**2 + 0 - 3*r - 3*r**o. What is v(-1)?
19
Let a(h) = 7*h**2 + 2*h - 2*h + 2 + h - 21*h**2 + 18*h**2. Calculate a(-2).
16
Let q(r) = -1. Let t(u) = -4*u - 190. Let m(f) = 22*q(f) + 2*t(f). Let n be m(-50). Let c(s) = -s**3 - 3*s**2 + s - 2. Give c(n).
-8
Let m(p) = -5*p - 7. Let t be m(-3). Let i be (4/8*0)/2. Suppose i = -6*c + t*c + 10. Let d(j) = j**2 + 6*j - 1. Calculate d(c).
-6
Let h(d) = -d**3 + 16*d**2 + 15*d + 36. Let k be h(17). Let u(w) = -5 - 4*w - 5 + w**3 - 3 + 7*w**k - 2. Calculate u(-7).
13
Let a(p) = p**3 + 7*p**2 + 6*p + 2. Let c be a(-2). Suppose -c*q - 3 = 37. Let t(i) = -6*i. Give t(q).
24
Let k(d) = -d**3 + 2*d - 2. Let n(w) = w**3 + 3*w**2 + w + 1. Let r be n(-2). Suppose -m + 4*h = -18, -3*m + r*h = -h - 22. What is k(m)?
-6
Let i be 1/3 - (-11180)/30. Let x = 371 - i. Let s(l) be the first derivative of l**3/3 + 3*l**2/2 - 2*l + 1. Calculate s(x).
-4
Let i(r) = r**2 + 3*r + 2. Let c be i(-3). Let t(o) = 3*o - 3*o + c*o + 1. Let q be (-2)/((16/6)/(176/132)). Determine t(q).
-1
Let x(h) = 5*h**2 - h - 8. Let i be (258/12 + (-1)/(-2))/2. Suppose 28 = i*b - 5. Let j(g) = 4*g**2 - g - 7. Let o(t) = b*x(t) - 4*j(t). Determine o(-3).
-8
Let j(u) be the third derivative of 0*u + 0 + 1/3*u**4 + 1/120*u**6 + 11/6*u**3 - 1/6*u**5 - 3*u**2. Let i be 9630/1050 + 4/(-7) - (-2)/5. Determine j(i).
2
Let t(a) = a**3 - 7*a**2 + 2*a + 3. Let i be 1/((-5)/(-88)) - 44/(-110). Suppose 0*b + i = 6*b. Suppose b*z - 13 - 5 = 0. Determine t(z).
-21
Let l(o) = 29*o + 33*o - 55*o - 3. Let k(h) = -h**2 - 14*h - 31. Let r be k(-3). Give l(r).
11
Let j(f) = -18 - 4*f**2 + 5*f**2 - 16*f - 2*f**2. Let y = -122729 + 122717. Give j(y).
30
Let i(l) = -l + 9. Suppose -2*q + 3*f + 256 = 0, -512 = -2*q - 2*q + 4*f. Let y = -120 + q. Determine i(y).
1
Let v(y) = 2*y**3 - 45*y**2 - 18*y - 26. Le